7.
13, 719
What are the prime factors of 138?
2, 3, 23
What are the prime factors of 47469?
3, 15823
List the prime factors of 4994.
2, 11, 227
List the prime factors of 200.
2, 5
What are the prime factors of 16002?
2, 3, 7, 127
List the prime factors of 9.
3
What are the prime factors of 1613?
1613
What are the prime factors of 787?
787
What are the prime factors of 2998?
2, 1499
What are the prime factors of 21314?
2, 10657
What are the prime factors of 36142?
2, 17, 1063
What are the prime factors of 2343?
3, 11, 71
List the prime factors of 70664.
2, 11, 73
What are the prime factors of 13760?
2, 5, 43
List the prime factors of 45441.
3, 11, 17
What are the prime factors of 115992?
2, 3, 179
What are the prime factors of 148?
2, 37
What are the prime factors of 2097?
3, 233
What are the prime factors of 1195?
5, 239
List the prime factors of 154730.
2, 5, 15473
What are the prime factors of 29698?
2, 31, 479
What are the prime factors of 1165?
5, 233
List the prime factors of 23426.
2, 13, 17, 53
List the prime factors of 18099.
3, 2011
List the prime factors of 13.
13
List the prime factors of 35247.
3, 31, 379
What are the prime factors of 4964?
2, 17, 73
What are the prime factors of 13125?
3, 5, 7
List the prime factors of 24107.
24107
What are the prime factors of 576?
2, 3
List the prime factors of 857.
857
List the prime factors of 132831.
3, 14759
List the prime factors of 6799.
13, 523
List the prime factors of 30538.
2, 15269
What are the prime factors of 7199?
23, 313
List the prime factors of 120907.
120907
List the prime factors of 2157.
3, 719
List the prime factors of 334.
2, 167
What are the prime factors of 34333?
13, 19, 139
List the prime factors of 20056.
2, 23, 109
What are the prime factors of 37089?
3, 13, 317
What are the prime factors of 22897?
7, 3271
List the prime factors of 14250.
2, 3, 5, 19
List the prime factors of 6967.
6967
List the prime factors of 1928.
2, 241
List the prime factors of 15858.
2, 3, 881
What are the prime factors of 162371?
11, 29, 509
List the prime factors of 59020.
2, 5, 13, 227
List the prime factors of 57882.
2, 3, 11, 877
What are the prime factors of 1302?
2, 3, 7, 31
What are the prime factors of 144391?
13, 29, 383
What are the prime factors of 3381?
3, 7, 23
List the prime factors of 419.
419
List the prime factors of 24502.
2, 12251
List the prime factors of 443.
443
What are the prime factors of 96925?
5, 3877
What are the prime factors of 5587?
37, 151
List the prime factors of 4919.
4919
What are the prime factors of 42632?
2, 73
List the prime factors of 93414.
2, 3, 15569
List the prime factors of 8044.
2, 2011
List the prime factors of 6953.
17, 409
What are the prime factors of 2346?
2, 3, 17, 23
List the prime factors of 6897.
3, 11, 19
What are the prime factors of 81137?
7, 67, 173
List the prime factors of 5228.
2, 1307
List the prime factors of 7156.
2, 1789
List the prime factors of 915.
3, 5, 61
List the prime factors of 143205.
3, 5, 9547
List the prime factors of 798.
2, 3, 7, 19
List the prime factors of 63.
3, 7
List the prime factors of 11652.
2, 3, 971
List the prime factors of 4247.
31, 137
What are the prime factors of 69051?
3, 23017
List the prime factors of 12858.
2, 3, 2143
What are the prime factors of 723?
3, 241
List the prime factors of 3563.
7, 509
List the prime factors of 77271.
3, 43, 599
List the prime factors of 11620.
2, 5, 7, 83
List the prime factors of 12924.
2, 3, 359
What are the prime factors of 40742?
2, 13, 1567
List the prime factors of 31471.
11, 2861
List the prime factors of 67342.
2, 11, 3061
List the prime factors of 55003.
13, 4231
List the prime factors of 45557.
45557
What are the prime factors of 37751?
7, 5393
List the prime factors of 71824.
2, 67
List the prime factors of 373.
373
What are the prime factors of 7197?
3, 2399
List the prime factors of 10388.
2, 7, 53
What are the prime factors of 5642?
2, 7, 13, 31
What are the prime factors of 114725?
5, 13, 353
List the prime factors of 15806.
2, 7, 1129
List the prime factors of 4018.
2, 7, 41
List the prime factors of 8413.
47, 179
List the prime factors of 1669.
1669
What are the prime factors of 85814?
2, 107, 401
List the prime factors of 2995.
5, 599
List the prime factors of 11159.
11159
List the prime factors of 15744.
2, 3, 41
What are the prime factors of 3349?
17, 197
List the prime factors of 74202.
2, 3, 83, 149
What are the prime factors of 3081?
3, 13, 79
List the prime factors of 2996.
2, 7, 107
List the prime factors of 57043.
7, 29, 281
What are the prime factors of 496?
2, 31
What are the prime factors of 960?
2, 3, 5
What are the prime factors of 100?
2, 5
What are the prime factors of 8480?
2, 5, 53
What are the prime factors of 22239?
3, 7, 353
List the prime factors of 568.
2, 71
What are the prime factors of 25671?
3, 43, 199
What are the prime factors of 36934?
2, 59, 313
What are the prime factors of 42449?
11, 17, 227
List the prime factors of 18665.
5, 3733
What are the prime factors of 3239?
41, 79
List the prime factors of 16954.
2, 7, 173
What are the prime factors of 6842?
2, 11, 311
What are the prime factors of 15476?
2, 53, 73
What are the prime factors of 14784?
2, 3, 7, 11
What are the prime factors of 264?
2, 3, 11
What are the prime factors of 82?
2, 41
List the prime factors of 1803.
3, 601
List the prime factors of 5576.
2, 17, 41
What are the prime factors of 226?
2, 113
What are the prime factors of 623?
7, 89
What are the prime factors of 8539?
8539
What are the prime factors of 88923?
3, 29641
List the prime factors of 15954.
2, 3, 2659
What are the prime factors of 2438?
2, 23, 53
What are the prime factors of 2693?
2693
What are the prime factors of 83972?
2, 7, 2999
List the prime factors of 12654.
2, 3, 19, 37
List the prime factors of 732.
2, 3, 61
List the prime factors of 7448.
2, 7, 19
What are the prime factors of 3998?
2, 1999
List the prime factors of 34972.
2, 7, 1249
What are the prime factors of 496?
2, 31
List the prime factors of 5518.
2, 31, 89
What are the prime factors of 490?
2, 5, 7
What are the prime factors of 866?
2, 433
List the prime factors of 14138.
2, 7069
List the prime factors of 155150.
2, 5, 29, 107
List the prime factors of 4671.
3, 173
What are the prime factors of 24299?
11, 47
List the prime factors of 110856.
2, 3, 31, 149
What are the prime factors of 2704?
2, 13
What are the prime factors of 1136?
2, 71
What are the prime factors of 5842?
2, 23, 127
What are the prime factors of 1599?
3, 13, 41
List the prime factors of 22291.
22291
What are the prime factors of 7150?
2, 5, 11, 13
List the prime factors of 14756.
2, 7, 17, 31
What are the prime factors of 48?
2, 3
What are the prime factors of 1940?
2, 5, 97
What are the prime factors of 1130?
2, 5, 113
List the prime factors of 3219.
3, 29, 37
List the prime factors of 6473.
6473
What are the prime factors of 16649?
16649
What are the prime factors of 988?
2, 13, 19
List the prime factors of 17560.
2, 5, 439
List the prime factors of 1053.
3, 13
What are the prime factors of 68592?
2, 3, 1429
What are the prime factors of 3470?
2, 5, 347
List the prime factors of 11633.
11633
What are the prime factors of 143365?
5, 53, 541
What are the prime factors of 586?
2, 293
What are the prime factors of 27495?
3, 5, 13, 47
What are the prime factors of 67578?
2, 3, 7, 1609
List the prime factors of 45809.
19, 2411
What are the prime factors of 20978?
2, 17, 617
List the prime factors of 781.
11, 71
List the prime factors of 15420.
2, 3, 5, 257
What are the prime factors of 809?
809
What are the prime factors of 27098?
2, 17, 797
What are the prime factors of 4491?
3, 499
List the prime factors of 18139.
11, 17, 97
List the prime factors of 35431.
11, 3221
What are the prime factors of 19322?
2, 9661
List the prime factors of 2191.
7, 313
What are the prime factors of 1251?
3, 139
What are the prime factors of 38439?
3, 4271
List the prime factors of 1423.
1423
What are the prime factors of 1257?
3, 419
List the prime factors of 149275.
5, 7, 853
List the prime factors of 100727.
11, 9157
List the prime factors of 1115.
5, 223
List the prime factors of 47138.
2, 7, 13, 37
What are the prime factors of 13718?
2, 19
What are the prime factors